= 17*p. Calculate the greatest common divisor of p and b.
35
Let k(h) = 35*h**2 - 7*h + 8. Let u be k(1). Calculate the highest common divisor of 144 and u.
36
Let y(w) = 167*w + 144. Let z be y(0). Calculate the greatest common divisor of 176 and z.
16
Let n be (8/(-18))/(18/2187*-9). Let w be 0 + 4/2 - -33. Suppose -3*i - 8 = -w. Calculate the highest common divisor of n and i.
3
Let c be (-116)/(-87) + (-2)/6*-80. Calculate the highest common factor of c and 63.
7
Suppose 50 = 8*o - 78. What is the greatest common factor of o and 64?
16
Suppose -2*t = 1 - 11. Suppose 3*b + 3*i - 4*i = 259, 0 = t*b - 4*i - 420. Calculate the highest common factor of b and 8.
8
Let u = 2117 + -1933. What is the highest common factor of u and 276?
92
Suppose 2*c - c = u - 21, -17 = -u + 5*c. Calculate the highest common divisor of u and 99.
11
Let f = -14 - -8. Suppose -33*t + 20 = -35*t. Let w be ((-36)/t)/(f/(-90)). Calculate the highest common factor of w and 9.
9
Let w be ((-16)/(-6) + -2)*-21. Let t = -2 - w. Suppose 8*u - t = 4*u. Calculate the greatest common factor of u and 9.
3
Suppose -3*l = 2*d - 7, 9 = 5*l + 3*d + d. Suppose l*g - g + 20 = 4*i, -3*i + 5*g + 23 = 0. What is the highest common factor of i and 2?
1
Suppose 32*b = 28*b - d + 578, -b - 4*d + 152 = 0. What is the greatest common divisor of b and 108?
36
Let f = -30 - -46. Suppose -3*w + 15 = -42. Let g = w + 21. Calculate the greatest common factor of f and g.
8
Let a(w) = 3*w**2 + 6*w + 3. Let q = 3 + -7. Let o be a(q). Suppose -2*u - 45 = -7*u. What is the greatest common divisor of o and u?
9
Suppose -165 = 2*h - 211. Calculate the greatest common divisor of 1633 and h.
23
Suppose 3*c - 38 = -2*a, 5*a - 4*c = -c + 74. Calculate the greatest common divisor of 80 and a.
16
Suppose 0 = 2*q - 5*q + 6. Suppose -3*s + 6*s - 3 = 3*r, -r - 4 = q*s. Let t = 7 + s. What is the highest common divisor of t and 48?
6
Let p be -5*(948/(-78) + 2/13). Let i = -11 + 13. Suppose 5*n - i*h - 324 = h, -n + p = h. Calculate the greatest common factor of 7 and n.
7
Let g = -1093 + 1125. What is the greatest common divisor of g and 2848?
32
Let p be ((-9)/6)/(3/(-420)). Suppose 9*j = -j + p. What is the greatest common divisor of 28 and j?
7
Suppose 0 = 36*m + 17*m - 583. What is the highest common factor of 88 and m?
11
Let a(n) = -8*n**3 + n**2 - 2. Let f be a(-1). Calculate the highest common factor of 1036 and f.
7
Suppose 6*b - 170 = -4*b. Suppose -2*h + 269 - 31 = 0. Calculate the greatest common factor of h and b.
17
Suppose -8 + 2 = 2*c. Let s(j) = -2*j - 1. Let z be s(c). Suppose 45 + 70 = z*k. Calculate the highest common factor of 115 and k.
23
Suppose 45*a - 38610 = -0*a. What is the greatest common divisor of a and 66?
66
Let n be (-3)/(-4) - (-135)/108. Suppose 5*r - 15 = 0, x + 4*r = 2*r + 8. What is the highest common factor of x and n?
2
Let k(b) = b**2 + 3*b - 1. Let n be k(-4). Suppose 6*q + 7*q = -4*q. Suppose -n*m - 9 = q, -m = -2*g - 5*m + 30. What is the highest common divisor of 84 and g?
21
Let c(o) = -o**2 - 6*o. Let v be c(-6). Let r = v - -9. Calculate the highest common divisor of 63 and r.
9
Let o = 9 - 87. Let d = -69 - o. What is the highest common factor of 36 and d?
9
Let i(y) = 231*y**2 - 5*y + 4. Let r be i(1). What is the greatest common divisor of 10 and r?
10
Let u be 68208/104 + 0 + (-2)/(-13). What is the greatest common divisor of u and 16?
16
Let q be ((-1107)/(-615))/((-3)/(-5)). Calculate the greatest common factor of 411 and q.
3
Suppose -2*p + 3*j = 2*p - 705, -3*p + 530 = -2*j. Calculate the highest common factor of 80 and p.
20
Let h = -233 + 646. What is the greatest common factor of h and 59?
59
Let d be 2/((-6)/(-6))*2. Calculate the highest common divisor of 4 and d.
4
Suppose 55*u - 1598 = -223. What is the greatest common divisor of u and 140?
5
Let p(a) = a**2 - 26*a - 107. Let h be p(30). Calculate the highest common factor of 169 and h.
13
Suppose 126*a - 1152 = 118*a. What is the greatest common divisor of a and 16?
16
Let r = 24 - 24. Suppose r = 3*c - 28 - 20. Calculate the highest common factor of c and 24.
8
Let v = -7 + 2. Let h be (-2)/v - 56/(-10). Let a be ((-16)/12)/((-224)/36 + 6). What is the greatest common divisor of h and a?
6
Let k(c) = -c**3 + 4*c**2 + 98*c + 9. Let l be k(12). Calculate the greatest common divisor of 1441 and l.
11
Suppose 0 = k + 17*k - 270. What is the highest common divisor of k and 555?
15
Suppose -7*z = -6*z + 3*g - 968, -3872 = -4*z + 3*g. What is the greatest common factor of z and 16?
8
Suppose -7 + 10 = s. Suppose -d - b = -7, 18 = 2*d + s*b + 1. Calculate the highest common factor of d and 20.
4
Suppose -2*b + 4*g = -14, b + 0*g = g + 6. Suppose -2*f = 2*f - 60. Calculate the highest common factor of f and b.
5
Let j(m) be the second derivative of -7*m**3/6 + 17*m**2/2 + 5*m. Let c be j(-9). Let w = 29 - 19. What is the greatest common factor of w and c?
10
Suppose -3*h + 3*i + 33 = 0, -4*i + 8*i - 47 = -3*h. Calculate the highest common divisor of 1157 and h.
13
Suppose -5*l + 24 = -31. Suppose 3*d - 5*z = 124, 3*d - 2*d = -2*z + 23. What is the greatest common factor of l and d?
11
Let u = 2 + -1. Suppose 2*x = -2, -51 = -5*z + 5*x - u. What is the highest common factor of 18 and z?
9
Suppose 15 = 12*l - 93. What is the greatest common factor of 24 and l?
3
Suppose -13*l = 3*l - 19520. What is the highest common divisor of 20 and l?
20
Let n be -1 + (3 - -2) - 4. Suppose -y - 5 + 1 = n. Let x be 123 + y + (-3 - -3). Calculate the greatest common factor of 17 and x.
17
Suppose -5*q - 25 = -v, -v - 3*v = 5*q + 25. Let f be 2/(v - 2)*-35. Let u = 65 - f. Calculate the greatest common divisor of u and 12.
6
Let f = -2091 + 2150. Calculate the greatest common divisor of f and 1829.
59
Let j(u) = -20*u + 2. Let b be j(1). Let g be 4/b - 2/(-9). Suppose 2*o - 16 - 20 = g. What is the greatest common factor of 12 and o?
6
Let r = -2 - -3. Suppose -81*k + 78*k + 9 = 0. What is the greatest common divisor of r and k?
1
Let d(s) = 35*s**2 - 5 + 10*s - 6*s - s. Let f be d(2). Calculate the highest common factor of 47 and f.
47
Let l(z) = -2*z + 10. Let c be l(3). Suppose -215 = -2*o - 5*b, 400 = 6*o - 2*o + c*b. Calculate the greatest common divisor of o and 5.
5
Let d = 82 + 62. Let s(r) = 7*r**2 + 67*r + 66. Let b be s(-10). Calculate the greatest common divisor of d and b.
48
Suppose 4*t + i - 6*i = -5, 5*t = -5*i + 5. Let w = t - 6. Let y be 4/(-1)*3/w. Calculate the greatest common factor of 18 and y.
2
Let f = -70 + 252. Let h = -98 + f. Calculate the greatest common divisor of 21 and h.
21
Suppose -19*d + 17928 = -16500. What is the greatest common factor of d and 12?
12
Suppose -2*w = -5*c - 0*c + 155, -137 = -4*c - w. Let q be ((-315)/30)/(2/8). Let y = -20 - q. What is the greatest common factor of y and c?
11
Suppose -22*c + 10*c = -156. What is the greatest common divisor of 104 and c?
13
Let j(v) = v**3 - 61*v**2 - 129*v + 240. Let x be j(63). What is the greatest common divisor of x and 680?
17
Let u(d) = -d**3 - 11*d**2 - 13*d - 18. Let j(o) = 2*o + 10. Let f be j(-10). Let s be u(f). Calculate the highest common factor of s and 132.
12
Let k be 54/((12/18)/((-4)/(-3))). Suppose 3*i = -n + k, 3*i - 266 = -4*n + 202. What is the highest common divisor of 10 and n?
10
Let j = 126 - 66. What is the highest common factor of 50 and j?
10
Let l = 1178 - 1106. What is the greatest common factor of l and 900?
36
Let z(m) be the second derivative of m**5/20 + m**4/4 - m**2/2 + 3*m. Let r be z(-3). Let a = r - -6. Calculate the highest common factor of 55 and a.
5
Let r be (-4)/((-7)/(-308)*-4). What is the greatest common factor of r and 154?
22
Let j(p) = -p**3 - 4*p**2 + 6*p - 4. Let b be j(-7). Let u = b + -62. Suppose k = -19 + 45. Calculate the highest common divisor of u and k.
13
Let c be (400/40)/(1/13). Calculate the greatest common factor of 40 and c.
10
Suppose 0*f + 5*f - 10 = 0. Suppose -4*a + f*a = -18. Suppose -k - i + 9 = -6*i, 3*k + 2*i - 27 = 0. What is the highest common factor of a and k?
9
Suppose -2 - 6 = -4*a. Suppose -5*r + 402 = -a*r. Suppose -2*f + 88 = 4*q, -4*f - 4*q + r = -54. What is the highest common factor of f and 20?
10
Let j be 18 - ((-6)/(36/42) - -14). Calculate the h